- 4 - m**2 - 61*m. Let n(l) = -l**2 + 5*l + 3. Let p be n(4). Determine d(p).
10
Let k(y) = 7*y**3 + 5*y**2 - 2*y + 23. Let q(j) = 22*j**3 + 16*j**2 - 6*j + 74. Let x(a) = 16*k(a) - 5*q(a). Give x(-2).
-14
Let s(b) = -b + 4. Let g(j) = j**3 - 6*j**2 + j - 6. Let n be g(6). What is s(n)?
4
Let n(q) = 4*q + 1. Let p(u) = 7 - 6 + 0 - u**2 + 3*u. Let v(l) = 4*n(l) - 5*p(l). Give v(1).
5
Let s(m) = 2*m**2 - m. Let k(y) = 3*y**2 - 13*y + 5. Suppose -4*g + 3*a = a - 22, -9 = 3*a. Let t be k(g). Calculate s(t).
1
Let z(u) = -u**3 + 10*u**2 - u + 8. Suppose 4*i = -5*f + 50, 0 = -4*i + 4*f - 6*f + 44. Calculate z(i).
-2
Suppose 18*m = 17*m + 13. Let o(n) = 2*n**3 + 5*n**2 - 2*n - 5. Let a(f) = -f**3 - 2*f**2 + f + 2. Let j(s) = m*a(s) + 6*o(s). Calculate j(3).
8
Let v(i) = -i**3 - i. Let p be v(0). Suppose p = -2*d + 5*d - 12. Let a(r) = d + 2 - 3 + 1 - r. Give a(5).
-1
Let a be ((-36)/45)/((-2)/25). Suppose 5*h = y + a, -y + h - 6 = -0*h. Let o(x) = -x**3 - 6*x**2 - 7*x - 7. Calculate o(y).
3
Suppose -14*p + 202 = -148. Suppose 0 = -5*w - 2*i - 17, w - 4*i = i - p. Let x(c) = c + 3. Calculate x(w).
-2
Let g(j) = j + 5. Let r be g(4). Let q be 10/3 - (-6)/r. Let y(h) = -4 + 3*h + q*h + 5*h - 5*h - h**2. What is y(7)?
-4
Let s be ((-16)/6)/((-5)/(-30)). Let a be 4/s + 59/(-4). Let v be (-6)/a - 24/10. Let g(z) = -5*z + 1. Determine g(v).
11
Let c(h) = h**3 - 15*h**2 - 2*h + 28. Let p(v) = 155*v - 1070. Let g be p(7). Calculate c(g).
-2
Suppose 6*t - 2*t = 12, -5*j = -3*t + 4. Let d(a) be the third derivative of -a**4/4 + a**3/6 + a**2 - 6. Calculate d(j).
-5
Let n(o) = o**3 - 8*o**2 + 6*o - 2. Suppose 0*a = 4*a + 172. Let g = 50 + a. Determine n(g).
-9
Suppose -5*z + 30 = -0*z + 5*l, z - 3*l + 2 = 0. Let h(s) = -12*s**2 + 31*s**2 + z*s - 10*s**2 - 6 - 8*s**2. Determine h(-6).
6
Let o(w) = -3*w**3 + 8*w**2 + 12*w + 10. Let p(b) = -20*b**3 + 46*b**2 + 72*b + 61. Let u(z) = -13*o(z) + 2*p(z). What is u(-11)?
3
Let d = -82 + 83. Let i(l) = -11*l**2 + l - 1. Calculate i(d).
-11
Let r(b) = b - 2. Let i be 10/(-1)*(-9)/18. Suppose -11 - 5 = -5*o - 4*l, -i*l + 3 = 2*o. Give r(o).
2
Let f(p) = 2*p + 8. Let w(a) = 2*a - 2. Let d be w(3). Let t be 6/(-8) + (-396)/(-16). Suppose -d*u = -0*u + t. What is f(u)?
-4
Let n(c) be the first derivative of 5*c**2/2 - 5*c - 53. What is n(2)?
5
Let s = 326 + -322. Let h(z) = 0*z**3 - z**2 - 6*z + 5 + z**3 - 2*z**2 + 0. Determine h(s).
-3
Suppose 36 = 23*h + 289. Let y(p) = -p**2 - 13*p - 18. Determine y(h).
4
Let g(n) = -7 - 5*n + 2 + 3. Let j(w) = -4*w + 11. Let z be j(5). Let v be 11 + z + 8/(-2). Calculate g(v).
8
Let h(r) = -r + 7. Let x(w) = 4*w**2 - 44*w - 6. Let l be x(11). Determine h(l).
13
Let b(m) = 16*m + 14. Let k(t) = 4*t + 3. Let g(w) = -2*b(w) + 9*k(w). Give g(2).
7
Let j be ((-208)/(-24))/(8/(-12)). Let d(s) = -s**2 - 11*s - 18. Determine d(j).
-44
Suppose 3*j + 3*r + 8 = 2*j, -j + 3*r + 10 = 0. Let c(n) = -1 + 32*n**3 + 21*n**3 + 4*n**2 - 3*n**2 - 59*n**3. Give c(j).
-6
Let l(p) = p**3 - p - 2. Suppose -50 = -11*k + 27. Suppose 0 = 4*d - 9*d + 25. Let c = k - d. What is l(c)?
4
Let q(u) = u**3 - 3*u**2 - 6*u + 5. Let g be q(4). Let n(o) = 5*o - 2*o + 1479 + 1471 - 2946. Give n(g).
-5
Let q(o) = 134*o + 5 - 434*o + o**3 - 14*o**2 + 140*o + 145*o. What is q(15)?
5
Let d(g) = 7*g + 16 + 8 - 47 + 13. Determine d(2).
4
Let h(l) be the second derivative of 23*l + 1/4*l**4 + 0 + 1/20*l**5 + 1/3*l**3 - 1/2*l**2. What is h(-3)?
-7
Let h(j) be the second derivative of 2*j**2 + 0 - 1/3*j**4 + 5*j + 2/3*j**3 - 1/20*j**5. Calculate h(-4).
-12
Let o = 45 - 13. Let q(y) = -15*y - 5 + o*y - 16*y. Let t be (1 + 3)/(-2 + 1). Give q(t).
-9
Suppose 2*k = -5*j - 12 - 1, -4*k + 4*j = 12. Let u(h) = -3*h - 10. Let d(y) = -12*y - 39. Let m(n) = 4*d(n) - 15*u(n). Calculate m(k).
6
Let m(h) = 14*h**2 + 5*h + 36*h**2 + 7 - 51*h**2. Give m(6).
1
Let d(a) = 25 + 21 - 45 - 3*a. Let z be d(-1). Let w(y) be the third derivative of y**5/60 + 6*y**2. What is w(z)?
16
Let t(i) be the third derivative of -i**7/1260 - i**6/360 + i**4/12 + 12*i**2. Let c(f) be the second derivative of t(f). Determine c(-3).
-12
Let q = 3 + -4. Let u be q*(2 - (1 - 1)). Let o(b) = 4*b + 2*b**2 + 204954 - 204951 + 0*b**2. Calculate o(u).
3
Let w(x) = 1 + 4*x**2 - 4 + 1 + 19 - 3*x**2. Calculate w(0).
17
Let y(f) = 84308*f**3 - 84307*f**3 - 2*f**2 - 3*f**2 - 5. Determine y(5).
-5
Let z(u) = -4*u + 5. Let h(f) = f - 1. Let m be (-8)/6 - 2/3. Let a(c) = m*z(c) - 10*h(c). Give a(-5).
10
Let v(r) = 3 + 2 + 2*r + 7 + 3 - 7 - 4*r**2. Give v(-2).
-12
Let a = 5 + 1. Let u be (4 + -1)*4/12. Let k(i) = -u + a - 11*i + 12*i. Give k(0).
5
Let s(o) = 13*o - 50. Let c be s(-8). Let u = c - -155. Let a(y) = -19*y**3 - 2*y**2 + y. What is a(u)?
-20
Let d(z) = 2*z**3 - 14*z**2 + z. Let h be ((-56)/(-20))/(20/50). Determine d(h).
7
Let t(o) be the third derivative of o**5/120 - 7*o**4/24 - o**3 + 16*o**2. Let y(q) be the first derivative of t(q). Give y(3).
-4
Let q(n) = n - 3. Let z be q(5). Suppose 8*g - 32 = 16. Let r(w) = -z*w - 3*w - 3 - 4*w + g*w. What is r(-2)?
3
Let z(b) = -b**2 + 11*b - 8. Suppose -7*y = 31 - 80. Calculate z(y).
20
Let v(g) = 4*g + 37. Let p be v(-6). Let s(w) = -w**2 + 14*w. Give s(p).
13
Let n be (27/12)/((-6)/(-8)). Let l = -4 + 5. Let v = n + l. Let q(f) = f**3 - 3*f**2 - 6*f + 3. Determine q(v).
-5
Suppose 3*q = d + 8, 2*q = -2*q + 4*d. Let o(l) = -3*l + 6*l**2 + 2*l - l**3 + 3 + q. Let b = 2311 + -2305. Determine o(b).
1
Let r = -163 - -163. Suppose r = 5*g - 0*g + 15. Let s(c) be the third derivative of -c**4/12 + c**3/3 + c**2. Give s(g).
8
Let h(t) = -3*t - 5*t**2 + 0*t**3 + 5*t - t**3 + 3. Let k(f) = -f**2 + 12*f - 16. Suppose -2*p = 2*c - 28, -59 = -4*c - 0*c - 5*p. Let d be k(c). What is h(d)?
-7
Let j(p) = -2*p**3 - 4*p - 7. Let r be 10 + -16 + (-3 - -7). Give j(r).
17
Let c(r) = r - 2. Let v(p) = -p**3 + 6*p**2 - p + 5. Let w be v(6). Let h be c(w). Let k be h/(-6) + (-39)/6. Let n(m) = m**2 + 5*m - 2. What is n(k)?
4
Let y(x) be the second derivative of x**5/20 + x**3/6 - 15*x**2/2 - 16*x + 2. Let h(a) = -a**3 - 2*a**2 + 2*a - 3. Let v be h(-3). Calculate y(v).
-15
Let f(w) = 17*w**3 - 1. Let l(q) = -q**2 - 6*q - 9. Let r be l(-2). What is f(r)?
-18
Let s be 4*(1008/704 + 2/(-11)). Let h = 13 - 9. Let u(p) = 5 + 2*p**2 + h*p - 3*p**2 - 1. Calculate u(s).
-1
Let b(t) = -7*t + 6. Let w(a) = 15*a - 13. Let z(m) = 13*b(m) + 6*w(m). What is z(-1)?
1
Let b be -1 + (-4)/(8/(-270)). Let i(z) = b*z + 2*z**2 - z**3 - 1 - 132*z - 2. Let f be (1 + 0)*-2 + 4. Determine i(f).
1
Let h = 61 - 65. Let u(c) = -12*c + 10*c - 13*c - 6*c. Let r(s) = s. Let w(g) = 18*r(g) + u(g). Calculate w(h).
12
Let l(j) = 7 + 2 - 4*j**2 - 4*j - 3*j + 3*j**2. Calculate l(-9).
-9
Let r(p) be the third derivative of -p**5/60 - 7*p**4/24 + 5*p**3/6 - 2*p**2. Let o(t) = t**2 + 47*t - 8. Let c be o(-47). Calculate r(c).
-3
Let o(i) = i**2 + 16*i + 1. Let s(g) = -3*g**2 - 45*g - 2. Let p(n) = -17*o(n) - 6*s(n). Give p(4).
3
Let v = 1897 - 1898. Let f(n) = -5*n - 3. Let u(h) = 16*h + 8. Let c(g) = 11*f(g) + 4*u(g). Determine c(v).
-10
Let y(v) = -18*v - 107. Let c(b) = 9*b + 55. Let x(f) = -9*c(f) - 5*y(f). Calculate x(-5).
-5
Let i = -23 + 54. Let q = i - 34. Let l(m) = m**2 + 4*m + 3. Give l(q).
0
Let i(q) = 1 + 3 + 2*q + 2. Let j = 904 - 909. What is i(j)?
-4
Let c(x) = x**2 + 6*x - 3. Suppose 5*s - 25 = -0*s, 3*s - 15 = -5*k. Let q = k - 8. What is c(q)?
13
Let l(o) be the second derivative of o**4/4 - 16*o**3/3 - 5*o**2/2 + 153*o. Determine l(11).
6
Suppose 2*c - 2*v = -12, 5*c - 18*v + 15*v + 22 = 0. Let f(d) = -d**3 + d**2 + 5*d + 3. What is f(c)?
5
Let b(p) = p + 11. Let y(r) = 2*r + 23. Let m(i) = 13*b(i) - 6*y(i). Suppose 1 = 2*o + 9. What is m(o)?
1
Let j(u) = -4*u + 1. Suppose 3 = 4*b + 15, -15 = r + 4*b. Determine j(r).
13
Let x(j) = 3*j - 2. Let m(o) = -1. Let y(w) = 4*m(w) - x(w). Give y(-1).
1
Let k = 9 + -7. Let q(d) = 2*d - 2*d**2 - 1454 + 1454 - d**2. What is q(k)?
-8
Let d be -5*1/(-3)*3. Let t(s) = 4*s**3 + 6*s - 11. Let y(w) = -5*w**3 + w**2 - 7*w + 12. Let k(m) = d*y(m) + 6*t(m). Determine k(5).
-1
Let j = -375 + 372. Let v(c) = c**2 + 5*c + 3. Calculate v(j).
-3
Let n(m) = 4*m + 14188*m**2 - 7 - 14189*m**2 - 13*m. Give n(-9).
-7
Let g(r) = r**2 - 10*r - 20. 